-5*m - 4*q = 13, q + 4 = -m + 1. Let k be m/(32/210 - (-8)/(-40)). Calculate the highest common factor of k and 28.
7
Suppose 3*t + 8 - 20 = 0. Let o be 0/(t/(-4))*1. Suppose o = 2*i + 2, 10*i = -f + 5*i + 83. Calculate the greatest common divisor of f and 8.
8
Suppose -33 = -4*i + 203. Suppose -6*g - 11 + i = 0. Calculate the greatest common factor of 40 and g.
8
Suppose -2*s + 39 + 41 = 0. Let b be (2/5)/(2/s). Let i = -7 + 8. What is the highest common divisor of i and b?
1
Let f be (-4)/2*(0 + (-3)/(-2)). Suppose 0 = 4*a - 0*a + 8. Let l be 8 + (a - f) + 0. What is the highest common factor of l and 99?
9
Suppose 15*t + 12 = 19*t. Let y be (t/(-3) - 0)*1. Let u(k) = -23*k**3 - 2*k**2 - 2*k - 1. Let q be u(y). What is the highest common factor of q and 176?
22
Let j be 3 + (-1 - -1) + 17. Suppose -7*b + 20 = -6*b. Calculate the greatest common factor of j and b.
20
Suppose 0 = 20*a - 29*a + 486. Calculate the greatest common factor of a and 30.
6
Let t be -1*(23/7 - 3)*-7. What is the highest common factor of t and 54?
2
Suppose 8 = 5*o + 4*r, 1 = 3*o - 5*o - 3*r. Calculate the highest common factor of o and 3.
1
Let q(h) = -h + 0*h + 0*h**2 + h**3 - 7*h - 14 - 5*h**2. Suppose 3*k + 2*k = 35. Let g be q(k). What is the highest common divisor of g and 7?
7
Let i = -27 + 7. Let v be (-408)/i - 2/5. Calculate the highest common factor of v and 160.
20
Let k = 997 - 522. What is the highest common divisor of k and 38?
19
Let w = 671 + -371. Let b be 33 + -4 + -1*(2 + -3). What is the greatest common factor of w and b?
30
Suppose 5*p = -3*r + 1135 + 77, -1210 = -5*p - 5*r. Calculate the greatest common divisor of p and 72.
9
Let a(p) = p**2 + 3*p - 30. Let q be a(7). Let l = q - -64. What is the greatest common divisor of l and 8?
8
Let m = 37 - -215. Suppose -3*i + 252 = -m. Suppose 3*w - 111 = -5*p, 5*p - 52 = w + 51. What is the greatest common divisor of p and i?
21
Suppose s - 74 = -4*y + 3*y, -2*y + s + 142 = 0. Suppose t = -2*t + 27. What is the highest common divisor of t and y?
9
Let s be (-466)/(-14) + 8/(-28). Suppose -4*y + l - 1 = -8, 0 = -3*y + 4*l + 2. Suppose 44 = -y*k + 4*k. Calculate the highest common factor of k and s.
11
Let m = 691 + -688. Suppose 5*i - 72 = 2*i. What is the greatest common factor of m and i?
3
Suppose 2*k - 3*b - 352 = 0, 4*k - 2*b - 704 = -0*b. Suppose 5 = -w - 2*t + k, 4*w - 3*t = 706. Calculate the highest common divisor of 35 and w.
35
Let s(a) = -9*a**3 + 1. Let x be s(-3). Calculate the highest common divisor of 4 and x.
4
Suppose 5*b - 8 = b, -b + 46 = 4*z. Suppose -3*o - 41 = n - 141, n = -o + 34. Let s = -11 + o. Calculate the highest common factor of z and s.
11
Suppose 0 = 9*v + 2 - 110. Let m be (-3)/v - 82/(-8). Calculate the highest common divisor of 30 and m.
10
Let z(y) = -y**2 + 4*y + 6. Let m(c) = c + 15. Let f be m(-10). Let b be z(f). What is the highest common factor of b and 1?
1
Suppose -416*v = -422*v + 990. Calculate the highest common factor of v and 75.
15
Let v be 112/(-6)*(-13)/((-156)/(-126)). Calculate the greatest common divisor of 49 and v.
49
Let s(n) = 2*n + 58. Let q = 9 - 9. Let u be s(q). What is the greatest common divisor of 145 and u?
29
Suppose 4*b = 10*b + 12. Let n be b*2/(-4) - -17. Calculate the greatest common factor of n and 6.
6
Let i = -103 + 112. What is the greatest common factor of 15 and i?
3
Let l = 16 - 14. Suppose 10*u = l*u + 264. What is the greatest common divisor of u and 55?
11
Let i be 0 + (-1026)/(-6) + 7 + -4. Calculate the highest common divisor of 3 and i.
3
Suppose -5*d + 155 = 5*l, -4*l - 6 = -d - 125. Let v = l - 17. Suppose 64 + 66 = 5*x. What is the highest common divisor of v and x?
13
Suppose -2*q + 2*n + 64 = 0, -q + 28 = -4*n + 2*n. Let r be ((-15)/9 + 0)/((-4)/216). Calculate the highest common factor of q and r.
18
Let t be 4/28 - (-6 + (-14991)/21). What is the greatest common divisor of t and 270?
90
Let j(w) = -w**2 - 15. Let h be j(0). Let u = 987 + -1007. Let x = h - u. What is the highest common factor of 25 and x?
5
Suppose -3*r - 2*m - 24 = -8*r, 18 = 4*r - 2*m. Suppose -c - 63 = -4*c. What is the highest common divisor of c and r?
3
Let f be 1*2 - 0/(-5). Suppose 0 = -2*z - f*z. Suppose z = -2*x + 5*x - 36. What is the greatest common factor of x and 4?
4
Suppose 3*j + 2*y - 1252 = -2*y, 5*y = 2*j - 850. What is the highest common factor of j and 84?
84
Suppose 11*o - 228 = 47. Let c be 1/(-1)*250/(-2). What is the greatest common divisor of c and o?
25
Suppose -29 = -5*j + 6. Suppose -95 = -4*u - j. What is the greatest common factor of 2 and u?
2
Let d = -70 + 73. Let y(a) be the second derivative of a**4/12 - a**3/3 + 2*a**2 - 2*a. Let s be y(d). Calculate the highest common divisor of s and 35.
7
Suppose -3*l = 5*b - 64, -2*l - 32 = -2*b - 0*l. Let g be (2/(-8))/((-2197)/364 - -6). What is the greatest common divisor of b and g?
7
Suppose -2*f = -2*s - 8, -2*s + 4*f - 17 = -1. Suppose s*v + v = 12. Calculate the greatest common divisor of v and 108.
12
Let x be 14 + 24/30*-5. What is the greatest common divisor of 80 and x?
10
Let h = -144 + 146. Let f be (h*81)/2*(-28 - -30). What is the highest common divisor of f and 54?
54
Let q(g) = 7*g + 20. Let o be q(4). What is the highest common divisor of o and 6?
6
Let h = -249 + 385. Calculate the highest common factor of h and 306.
34
Let w = -116 - -130. Let y(n) be the second derivative of 7*n**4/12 - 2*n**3/3 - n**2/2 - 2*n. Let g be y(5). What is the highest common divisor of g and w?
14
Let u(o) = -7*o**3 - 8*o**2 + 12*o - 4. Let m be u(-5). Calculate the highest common divisor of 26 and m.
13
Let q = 10 + 152. Let h = q - 92. Calculate the highest common divisor of 10 and h.
10
Let l(r) = 22*r - 80. Let z be l(4). Let t(q) = q**3 - 4*q**2 - q + 5. Let j be t(4). Calculate the greatest common divisor of z and j.
1
Let h = -1757 - -1861. What is the highest common divisor of 442 and h?
26
Suppose 16 = -11*l + 38. Suppose -5*x = -l*x - 225. Let c = 11 + 4. What is the highest common factor of c and x?
15
Let y = -163 + 1073. What is the highest common divisor of 325 and y?
65
Let j(n) = 2*n**3 - 32*n**2 + 3*n - 18. Let d be j(16). What is the greatest common factor of 108 and d?
6
Let q(p) = -5*p**3 - 2*p**2 - 2*p - 6. Let o be q(-2). What is the highest common factor of 110 and o?
10
Let o = -158 - -182. What is the greatest common divisor of 72 and o?
24
Let s be (-13681)/(-9) + (-98)/882. What is the highest common divisor of 57 and s?
19
Suppose -s = -0*w + w - 28, 0 = -5*w + 15. Let i(p) = p**2 + 7*p + 4. Let z be i(-4). Let m = z + s. What is the greatest common factor of 17 and m?
17
Let j(h) = -h + 8. Let y be j(6). Suppose -5*r = -6*s + s + 35, 4*s = 3*r + 23. What is the greatest common factor of s and y?
2
Let h = -6 + 0. Let l = h + 6. Suppose l = d - 2 - 16. What is the greatest common factor of 36 and d?
18
Let o(a) = 6*a**2 - 2*a - 2. Suppose -15*n = -11*n + 4. Let g be o(n). Calculate the highest common divisor of 15 and g.
3
Let q = -252 - -367. What is the greatest common factor of q and 46?
23
Let j(g) = 14*g**2 + 5*g - 51. Let p be j(5). What is the highest common divisor of 135 and p?
27
Let a = 2716 + -2444. What is the greatest common factor of 612 and a?
68
Suppose 0 = -4*n - n + 290. Suppose 0 = -2*t - 10 + n. Calculate the greatest common divisor of t and 8.
8
Let y be (-3)/(((-9)/16)/3). Let i(a) = 45*a - 13. Let g be i(1). Calculate the greatest common factor of g and y.
16
Suppose -5*v + 30 = -0*v. Let t(j) = 6*j + 8. Let s be t(8). Suppose -8 = 2*z - s. Calculate the highest common factor of z and v.
6
Let a be 0 + -2 - (-4 + 44). Let l = -23 - a. Calculate the highest common factor of l and 19.
19
Let h = 14174 + -14151. Suppose -s - 2*s = 0. Suppose v = -s*v + 253. What is the greatest common divisor of v and h?
23
Let u(y) = -y**3 - y**2 + 4*y. Suppose 0 = 4*k - v + 14, k + 9 = 2*v + 2. Let x be u(k). Let b be (0 + 3/x)*20. What is the highest common divisor of 30 and b?
10
Let n(u) = 3*u**3 - 15*u**2 + 14*u - 6. Let w be n(8). Calculate the highest common factor of w and 93.
31
Let z = 602 - 586. Suppose 409 = 4*u + 89. Calculate the greatest common factor of z and u.
16
Let g(o) = 6*o**2 - 12*o + 89. Let n be g(7). Calculate th